{"id":230,"date":"2023-10-28T09:22:33","date_gmt":"2023-10-28T02:22:33","guid":{"rendered":"https:\/\/jam.migi.vn\/?page_id=230"},"modified":"2023-10-31T02:09:56","modified_gmt":"2023-10-30T19:09:56","slug":"gioi-thieu","status":"publish","type":"page","link":"https:\/\/dahand.themedep.top\/?page_id=230","title":{"rendered":"Gi\u1edbi thi\u1ec7u"},"content":{"rendered":"  <div id=\"page-header-1758765127\" class=\"page-header-wrapper\">\n  <div class=\"page-title dark featured-title\">\n\n        <div class=\"page-title-bg\">\n      <div class=\"title-bg fill bg-fill\"\n        data-parallax-container=\".page-title\"\n        data-parallax-background\n        data-parallax=\"-\">\n      <\/div>\n      <div class=\"title-overlay fill\"><\/div>\n    <\/div>\n    \n    <div class=\"page-title-inner container align-center text-center flex-row-col medium-flex-wrap\" >\n              <div class=\"title-wrapper flex-col\">\n          <h1 class=\"entry-title mb-0\">\n            Gi\u1edbi thi\u1ec7u          <\/h1>\n        <\/div>\n                    <div class=\"title-content flex-col\">\n        <div class=\"title-breadcrumbs pb-half pt-half\"><nav class=\"woocommerce-breadcrumb breadcrumbs uppercase\">Home<\/nav><\/div>      <\/div>\n    <\/div>\n\n     \n<style>\n#page-header-1758765127 .page-title-inner {\n  min-height: 300px;\n}\n#page-header-1758765127 .title-bg {\n  background-image: url(https:\/\/dahand.themedep.top\/wp-content\/uploads\/2023\/10\/San-pham-02.jpg);\n}\n<\/style>\n  <\/div>\n    <\/div>\n  \n\n\t<section class=\"section\" id=\"section_2140096271\">\n\t\t<div class=\"bg section-bg fill bg-fill  bg-loaded\" >\n\n\t\t\t\n\t\t\t\n\t\t\t\n\n\t\t<\/div>\n\n\t\t\n\n\t\t<div class=\"section-content relative\">\n\t\t\t\n\n<div class=\"row\"  id=\"row-408144915\">\n\n\n\t<div id=\"col-155272004\" class=\"col cot1-gt medium-4 small-12 large-4\"  >\n\t\t\t\t<div class=\"col-inner\"  >\n\t\t\t\n\t\t\t\n\n\n\n<div class=\"j-title\"><span><label>01<\/label> <span class=\"tit\">\u0110\u00f4i n\u00e9t v\u1ec1 jam<\/span><\/span><\/div>\n\n\n\t\t<\/div>\n\t\t\t\t\t<\/div>\n\n\t\n\n\t<div id=\"col-473859771\" class=\"col medium-8 small-12 large-8\"  >\n\t\t\t\t<div class=\"col-inner\"  >\n\t\t\t\n\t\t\t\n\n\t<div id=\"text-2464855957\" class=\"text\">\n\t\t\n\n<h3 class=\"tspace\">V\u1ec0 CH\u00daNG T\u00d4I<\/h3>\n<p><strong>Nhi\u1ec7m v\u1ee5, t\u1ea7m nh\u00ecn v\u00e0 gi\u00e1 tr\u1ecb th\u01b0\u01a1ng hi\u1ec7u.<\/strong><\/p>\n<p>\u00a0<\/p>\n<p>LaForce h\u01b0\u1edbng t\u1edbi m\u1ee5c ti\u00eau tr\u1edf th\u00e0nh th\u01b0\u01a1ng hi\u1ec7u \u0111\u1ed3 da h\u00e0ng \u0111\u1ea7u Vi\u1ec7t Nam, ch\u00fang t\u00f4i lu\u00f4n n\u1ed7 l\u1ef1c kh\u00f4ng ng\u1eebng \u0111\u1ec3 \u0111\u01b0a th\u01b0\u01a1ng hi\u1ec7u LaForce tr\u1edf n\u00ean g\u1ea7n g\u0169i h\u01a1n v\u00e0 l\u00e0 th\u01b0\u01a1ng hi\u1ec7u cung c\u1ea5p nh\u1eefng s\u1ea3n ph\u1ea9m \u0111\u1ed3 da, bao g\u1ed3m: gi\u00e0y, t\u00fai, v\u00ed, th\u1eaft l\u01b0ng, d\u00e2y \u0111\u1ed3ng h\u1ed3, g\u0103ng tay. Mang ch\u1ea5t l\u01b0\u1ee3ng t\u1ed1t nh\u1ea5t, th\u1ecfa m\u00e3n nhu c\u1ea7u mua s\u1eafm c\u1ee7a qu\u00fd kh\u00e1ch h\u00e0ng.<\/p>\n\t\t\n<style>\n#text-2464855957 {\n  line-height: 2.5;\n}\n<\/style>\n\t<\/div>\n\t\n\t<div class=\"img has-hover x md-x lg-x y md-y lg-y\" id=\"image_1773635510\">\n\t\t\t\t\t\t\t\t<div class=\"img-inner dark\" >\n\t\t\t<img loading=\"lazy\" decoding=\"async\" width=\"138\" height=\"36\" src=\"https:\/\/dahand.themedep.top\/wp-content\/uploads\/2023\/10\/chuky.jpg\" class=\"attachment-original size-original\" alt=\"\" \/>\t\t\t\t\t\t\n\t\t\t\t\t<\/div>\n\t\t\t\t\t\t\t\t\n<style>\n#image_1773635510 {\n  width: 20%;\n}\n<\/style>\n\t<\/div>\n\t\n\n\n\t\t<\/div>\n\t\t\t\t\t<\/div>\n\n\t\n\n<\/div>\n\n\t\t<\/div>\n\n\t\t\n<style>\n#section_2140096271 {\n  padding-top: 50px;\n  padding-bottom: 50px;\n}\n#section_2140096271 .ux-shape-divider--top svg {\n  height: 150px;\n  --divider-top-width: 100%;\n}\n#section_2140096271 .ux-shape-divider--bottom svg {\n  height: 150px;\n  --divider-width: 100%;\n}\n<\/style>\n\t<\/section>\n\t","protected":false},"excerpt":{"rendered":"","protected":false},"author":1,"featured_media":0,"parent":0,"menu_order":0,"comment_status":"closed","ping_status":"closed","template":"page-transparent-header.php","meta":{"footnotes":""},"class_list":["post-230","page","type-page","status-publish","hentry"],"_links":{"self":[{"href":"https:\/\/dahand.themedep.top\/index.php?rest_route=\/wp\/v2\/pages\/230","targetHints":{"allow":["GET"]}}],"collection":[{"href":"https:\/\/dahand.themedep.top\/index.php?rest_route=\/wp\/v2\/pages"}],"about":[{"href":"https:\/\/dahand.themedep.top\/index.php?rest_route=\/wp\/v2\/types\/page"}],"author":[{"embeddable":true,"href":"https:\/\/dahand.themedep.top\/index.php?rest_route=\/wp\/v2\/users\/1"}],"replies":[{"embeddable":true,"href":"https:\/\/dahand.themedep.top\/index.php?rest_route=%2Fwp%2Fv2%2Fcomments&post=230"}],"version-history":[{"count":7,"href":"https:\/\/dahand.themedep.top\/index.php?rest_route=\/wp\/v2\/pages\/230\/revisions"}],"predecessor-version":[{"id":443,"href":"https:\/\/dahand.themedep.top\/index.php?rest_route=\/wp\/v2\/pages\/230\/revisions\/443"}],"wp:attachment":[{"href":"https:\/\/dahand.themedep.top\/index.php?rest_route=%2Fwp%2Fv2%2Fmedia&parent=230"}],"curies":[{"name":"wp","href":"https:\/\/api.w.org\/{rel}","templated":true}]}}