{"id":595,"date":"2023-11-01T18:33:28","date_gmt":"2023-11-01T11:33:28","guid":{"rendered":"https:\/\/jam.migi.vn\/?post_type=product&#038;p=595"},"modified":"2023-11-01T18:34:30","modified_gmt":"2023-11-01T11:34:30","slug":"giay-da-nam-cap-toe-oxford-da-bong-gnlajd65372","status":"publish","type":"product","link":"https:\/\/dahand.themedep.top\/?product=giay-da-nam-cap-toe-oxford-da-bong-gnlajd65372","title":{"rendered":"Gi\u00e0y da nam Cap Toe Oxford da b\u00f3ng GNLAJD65372"},"content":{"rendered":"<p>Gi\u00e0y t\u00e2y nam da th\u1eadt<br \/>\nKi\u1ec3u d\u00e1ng Oxford bu\u1ed9c d\u00e2y<br \/>\nM\u0169i gi\u00e0y nh\u1ecdn sang tr\u1ecdng t\u1ea1o c\u1ea3m gi\u00e1c g\u1ecdn v\u00e0 d\u00e0i cho \u0111\u00f4i ch\u00e2n<br \/>\n\u0110\u1ebf cao, l\u00f3t cao su ch\u1ed1ng tr\u01a1n tr\u01b0\u1ee3t<br \/>\nM\u00e0u s\u1eafc: \u0110en<br \/>\nPh\u1ed1i \u0111\u1ed3: D\u1ec5 d\u00e0ng ph\u1ed1i c\u00f9ng nhi\u1ec1u lo\u1ea1i trang ph\u1ee5c n\u01a1i c\u00f4ng s\u1edf<\/p>\n","protected":false},"excerpt":{"rendered":"<p><strong>Ki\u1ec3u d\u00e1ng:<\/strong> Gi\u00e0y Oxford Captoe nam<\/p>\n<p><strong>Thi\u1ebft k\u1ebf:<\/strong> L\u1ecbch l\u00e3m, sang tr\u1ecdng<\/p>\n<p><strong>Ch\u1ea5t li\u1ec7u:<\/strong> Da b\u00f2 nh\u1eadp kh\u1ea9u cao c\u1ea5p<\/p>\n<p><strong>M\u00e0u s\u1eafc:<\/strong> \u0110en<\/p>\n<p>S\u1ea3n xu\u1ea5t t\u1ea1i \u0110\u1ed3 da JAM<\/p>\n","protected":false},"featured_media":558,"comment_status":"open","ping_status":"closed","template":"","meta":[],"product_cat":[27,22,23,24,31,32,30,33,28,29,26,37],"product_tag":[],"class_list":{"0":"post-595","1":"product","2":"type-product","3":"status-publish","4":"has-post-thumbnail","6":"product_cat-cap-da-nam","7":"product_cat-giay-da-nam","8":"product_cat-giay-luoi-nam","9":"product_cat-giay-tay-nam","10":"product_cat-that-lung-da-ca-sau","11":"product_cat-that-lung-da-cong-so","12":"product_cat-that-lung-nam","13":"product_cat-that-lung-quan-jean","14":"product_cat-tui-dung-ipad","15":"product_cat-tui-dung-laptop","16":"product_cat-tui-xach-nam","17":"product_cat-vi-da-nam","18":"pa_size-46","19":"pa_size-47","20":"pa_size-48","21":"pa_size-49","22":"pa_size-50","23":"pa_size-51","25":"first","26":"instock","27":"shipping-taxable","28":"purchasable","29":"product-type-variable"},"_links":{"self":[{"href":"https:\/\/dahand.themedep.top\/index.php?rest_route=\/wp\/v2\/product\/595","targetHints":{"allow":["GET"]}}],"collection":[{"href":"https:\/\/dahand.themedep.top\/index.php?rest_route=\/wp\/v2\/product"}],"about":[{"href":"https:\/\/dahand.themedep.top\/index.php?rest_route=\/wp\/v2\/types\/product"}],"replies":[{"embeddable":true,"href":"https:\/\/dahand.themedep.top\/index.php?rest_route=%2Fwp%2Fv2%2Fcomments&post=595"}],"wp:featuredmedia":[{"embeddable":true,"href":"https:\/\/dahand.themedep.top\/index.php?rest_route=\/wp\/v2\/media\/558"}],"wp:attachment":[{"href":"https:\/\/dahand.themedep.top\/index.php?rest_route=%2Fwp%2Fv2%2Fmedia&parent=595"}],"wp:term":[{"taxonomy":"product_cat","embeddable":true,"href":"https:\/\/dahand.themedep.top\/index.php?rest_route=%2Fwp%2Fv2%2Fproduct_cat&post=595"},{"taxonomy":"product_tag","embeddable":true,"href":"https:\/\/dahand.themedep.top\/index.php?rest_route=%2Fwp%2Fv2%2Fproduct_tag&post=595"}],"curies":[{"name":"wp","href":"https:\/\/api.w.org\/{rel}","templated":true}]}}