{"id":602,"date":"2023-11-01T18:34:39","date_gmt":"2023-11-01T11:34:39","guid":{"rendered":"https:\/\/jam.migi.vn\/?post_type=product&#038;p=602"},"modified":"2023-11-30T00:16:39","modified_gmt":"2023-11-29T17:16:39","slug":"giay-tay-nam-oxford-hien-dai-lich-lam-p30-k501","status":"publish","type":"product","link":"https:\/\/dahand.themedep.top\/?product=giay-tay-nam-oxford-hien-dai-lich-lam-p30-k501","title":{"rendered":"Gi\u00e0y t\u00e2y nam Oxford hi\u1ec7n \u0111\u1ea1i l\u1ecbch l\u00e3m P30- K501"},"content":{"rendered":"<p>Gi\u00e0y t\u00e2y nam da th\u1eadt<br \/>\nKi\u1ec3u d\u00e1ng Oxford bu\u1ed9c d\u00e2y<br \/>\nThi\u1ebft k\u1ebf v\u1edbi c\u00e1c \u0111\u01b0\u1eddng v\u00e2n ch\u00e9o hi\u1ec7n \u0111\u1ea1i<br \/>\n\u0110\u1ebf \u0111\u00fac v\u00e0 c\u1ea5u tr\u00fac MCkey<br \/>\nM\u00e0u s\u1eafc: \u0110\u1ecf m\u1eadn<br \/>\nPh\u1ed1i \u0111\u1ed3: D\u1ec5 d\u00e0ng ph\u1ed1i c\u00f9ng nhi\u1ec1u lo\u1ea1i trang ph\u1ee5c n\u01a1i c\u00f4ng s\u1edf<\/p>\n","protected":false},"excerpt":{"rendered":"<p><strong>Ki\u1ec3u d\u00e1ng:<\/strong> Gi\u00e0y Oxford\u00a0 nam<\/p>\n<p><strong>Thi\u1ebft k\u1ebf:<\/strong> L\u1ecbch l\u00e3m, sang tr\u1ecdng<\/p>\n<p><strong>Ch\u1ea5t li\u1ec7u:<\/strong> Da b\u00f2 nh\u1eadp kh\u1ea9u cao c\u1ea5p<\/p>\n<p><strong>M\u00e0u s\u1eafc:<\/strong> \u0110\u1ecf m\u1eadn<\/p>\n<p>S\u1ea3n xu\u1ea5t t\u1ea1i \u0110\u1ed3 da Auguris<\/p>\n","protected":false},"featured_media":863,"comment_status":"open","ping_status":"closed","template":"","meta":[],"product_cat":[22,24],"product_tag":[],"class_list":{"0":"post-602","1":"product","2":"type-product","3":"status-publish","4":"has-post-thumbnail","6":"product_cat-giay-da-nam","7":"product_cat-giay-tay-nam","8":"pa_size-46","9":"pa_size-47","10":"pa_size-48","11":"pa_size-49","12":"pa_size-50","13":"pa_size-51","14":"pa_size-52","16":"first","17":"instock","18":"shipping-taxable","19":"purchasable","20":"product-type-variable"},"_links":{"self":[{"href":"https:\/\/dahand.themedep.top\/index.php?rest_route=\/wp\/v2\/product\/602","targetHints":{"allow":["GET"]}}],"collection":[{"href":"https:\/\/dahand.themedep.top\/index.php?rest_route=\/wp\/v2\/product"}],"about":[{"href":"https:\/\/dahand.themedep.top\/index.php?rest_route=\/wp\/v2\/types\/product"}],"replies":[{"embeddable":true,"href":"https:\/\/dahand.themedep.top\/index.php?rest_route=%2Fwp%2Fv2%2Fcomments&post=602"}],"wp:featuredmedia":[{"embeddable":true,"href":"https:\/\/dahand.themedep.top\/index.php?rest_route=\/wp\/v2\/media\/863"}],"wp:attachment":[{"href":"https:\/\/dahand.themedep.top\/index.php?rest_route=%2Fwp%2Fv2%2Fmedia&parent=602"}],"wp:term":[{"taxonomy":"product_cat","embeddable":true,"href":"https:\/\/dahand.themedep.top\/index.php?rest_route=%2Fwp%2Fv2%2Fproduct_cat&post=602"},{"taxonomy":"product_tag","embeddable":true,"href":"https:\/\/dahand.themedep.top\/index.php?rest_route=%2Fwp%2Fv2%2Fproduct_tag&post=602"}],"curies":[{"name":"wp","href":"https:\/\/api.w.org\/{rel}","templated":true}]}}